*h - 29. Give q(-9).
-2
Let v(i) = 2*i**2 + 47*i - 78. Calculate v(-25).
-3
Let d(a) = a**2 + 5*a + 8. What is d(-2)?
2
Let c(r) = 13*r - 56. Give c(11).
87
Let u(y) = -11*y + 14. Give u(-2).
36
Let s(r) = -43*r**2 - 302*r - 7. Calculate s(-7).
0
Let m(w) = -11*w - 3. Determine m(6).
-69
Let p(m) = -8*m - 143. Determine p(-17).
-7
Let v(c) = -19*c - 5. What is v(-1)?
14
Let t(a) = a**2 - 11*a + 27. Calculate t(6).
-3
Let s(h) = 2*h**3 - 16*h**2 + 26*h - 11. What is s(6)?
1
Let x(a) = a**3 + 5*a**2 - 14*a + 2. What is x(-7)?
2
Let m(i) = 29*i + 2. Determine m(1).
31
Let l(w) = 3*w**2 + w - 2. Give l(3).
28
Let h(o) = -2*o**2 - o. Calculate h(1).
-3
Let x(s) = -3*s - 6. Give x(8).
-30
Let s(d) = -d**2 - d + 4. What is s(3)?
-8
Let s(c) = -3*c**3 - 2*c**2 - 2*c + 4. Calculate s(0).
4
Let s(q) = -q**2 + 4*q - 25. Calculate s(8).
-57
Let h(y) = -y**2 - 9*y + 4. Calculate h(-10).
-6
Let b(x) = x**3 - 2*x**2 + x. What is b(3)?
12
Let p(x) = 14*x**2 + 2*x + 1. Calculate p(-1).
13
Let i(g) = 21*g + 64. Determine i(5).
169
Let v(z) = -z - 3. What is v(0)?
-3
Let i(s) = s**2 + 16*s - 168. Give i(-23).
-7
Let j(y) = -y**3 - 4*y**2 + 2*y - 7. Calculate j(-5).
8
Let p(s) = -6*s + 2. Give p(-5).
32
Let q(s) = -2*s**3 - 7*s**2 + 16*s + 43. Give q(-4).
-5
Let f(h) = h**3 - 3*h**2 - 11*h + 5. Calculate f(5).
0
Let o(m) = 2*m**3 + 79*m**2 - 40*m - 55. Determine o(-40).
-55
Let t(d) = -20*d - 19. Determine t(-2).
21
Let f(n) = -n**2 - 18*n - 5. Give f(-14).
51
Let a(x) = -x**2 - 10*x - 19. What is a(-4)?
5
Let w(x) = x**3 - x**2 - 6. What is w(0)?
-6
Let y(z) = -z**2 - 11*z - 2. Determine y(-9).
16
Let s(j) = -5*j - 28. Calculate s(-7).
7
Let t(f) = -f**3 - 4*f**2 + 4*f - 4. Give t(-5).
1
Let i(r) = 4*r**2 - 18*r - 7. Calculate i(5).
3
Let u(i) = -112*i + 123. Determine u(1).
11
Let q(u) = 4*u**2 - 45*u + 2. Give q(11).
-9
Let y(q) = -3*q**2 + 4*q - 7. Calculate y(3).
-22
Let s(b) = b**2 + 8*b - 7. Calculate s(-9).
2
Let c(i) = 6*i**2 + 134*i + 37. What is c(-22)?
-7
Let u(d) = -d - 20. Determine u(-25).
5
Let q(j) = j + 18. Calculate q(-7).
11
Let s(p) = p**3 - 40*p**2 + 76*p + 11. What is s(38)?
11
Let f(i) = -i**3 + 7*i**2 + 11*i - 28. Give f(8).
-4
Let c(w) = 16*w**2 - w - 1. Give c(-2).
65
Let k(z) = z**2 + 17*z - 31. What is k(2)?
7
Let s(a) = 19*a - 382. Determine s(21).
17
Let o(r) = r**3 - 4*r**2 + r + 1. What is o(5)?
31
Let v(z) = z**3 - 18*z**2 + 76*z - 8. What is v(6)?
16
Let t(f) = -31*f. Give t(1).
-31
Let f(i) = 15*i + 1. Determine f(3).
46
Let l(o) = -o**2 + 19*o + 21. Calculate l(19).
21
Let n(g) = -g**2 - 9*g - 5. Calculate n(-11).
-27
Let i(c) = c**3 + 17*c**2 + 10*c + 12. Determine i(-16).
108
Let l(w) = w**3 - 5*w + 3. What is l(-3)?
-9
Let o(t) = 29*t + 50. What is o(-2)?
-8
Let a(l) = -l**2 + 3*l + 2. Calculate a(7).
-26
Let m(q) = 4*q + 10. Calculate m(-7).
-18
Let t(r) = r + 10. What is t(-5)?
5
Let h(c) = -7*c**2 - 6*c - 5. Calculate h(-3).
-50
Let k(c) = c**3 - 6*c**2 - 30*c - 6. Give k(9).
-33
Let z(k) = -k**3 + 15*k + 8. Calculate z(-4).
12
Let p(u) = 2*u - 9. Determine p(8).
7
Let d(w) = w**3 - 7*w**2 - 5*w - 1. What is d(9)?
116
Let n(l) = -l**2 + 5*l + 15. Calculate n(7).
1
Let t(j) = -10*j + 5. Calculate t(3).
-25
Let u(w) = 12*w - 4. Determine u(4).
44
Let k(r) = 13*r + 238. Give k(-18).
4
Let u(l) = l**3 - 7*l**2 + 10*l - 8. Give u(6).
16
Let b(c) = 19*c**2 + 2*c. Give b(2).
80
Let d(m) = 6*m + 1. What is d(-7)?
-41
Let t(j) = 3*j + 2. What is t(6)?
20
Let h(s) = 2*s**2 - 3*s + 2. Give h(2).
4
Let t(q) = 6*q**2 - q. Determine t(1).
5
Let n(r) = 6*r**2 + 7*r - 27. What is n(3)?
48
Let s(r) = r - 7. What is s(22)?
15
Let m(a) = a**3 - 36*a**2 - a + 44. Calculate m(36).
8
Let m(p) = p**2 + 2*p + 8. Give m(0).
8
Let s(j) = 15*j - 8. Calculate s(2).
22
Let g(o) = -2*o**3 - 7*o**2 + 4. What is g(-3)?
-5
Let z(b) = -b**2 - b + 11. Give z(0).
11
Let o(n) = -n**3 + 3*n**2 + 2*n + 2. What is o(4)?
-6
Let p(z) = z**2 + 12*z + 20. What is p(-11)?
9
Let s(q) = -2*q - 2. Determine s(-4).
6
Let u(g) = -3*g + 2. Calculate u(-6).
20
Let w(d) = d**2 - 14*d + 7. Determine w(12).
-17
Let s(h) = -h**3 - 20*h**2 + 26*h + 112. Give s(-21).
7
Let t(r) = r**3 - 10*r**2 + 11*r + 5. What is t(8)?
-35
Let q(p) = 3*p. Calculate q(7).
21
Let v(h) = -4*h - 8. Give v(7).
-36
Let h(q) = -2*q. What is h(-3)?
6
Let i(q) = 3*q - 31. Calculate i(4).
-19
Let z(v) = -v**3 + 4*v**2 - 3. What is z(5)?
-28
Let k(g) = g**3 - 9*g**2 + g - 2. Calculate k(9).
7
Let j(m) = -m**2 - 19*m - 89. What is j(-10)?
1
Let u(t) = 30*t - 281. Calculate u(10).
19
Let t(j) = j**2 + 12*j - 28. Give t(-14).
0
Let x(c) = 2*c**2 + c + 4. Give x(-5).
49
Let v(p) = -14*p**2 - 10*p - 11. Give v(-3).
-107
Let m(z) = z**3 + 10*z**2 + z + 4. Calculate m(-10).
-6
Let w(n) = -n**2 - 11*n - 21. Give w(-11).
-21
Let v(o) = o**2 - 7*o + 1. Calculate v(5).
-9
Let p(i) = -11*i**2 - 3*i - 4. Determine p(-1).
-12
Let t(j) = 4*j**2 + 2*j - 7. Calculate t(5).
103
Let h(l) = l**3 - 7*l**2 + 4*l + 16. What is h(6)?
4
Let t(g) = -6*g - 91. Calculate t(-15).
-1
Let o(k) = 6*k**3 + 3*k**2 - 2. What is o(2)?
58
Let k(q) = 115*q - 2. Determine k(1).
113
Let h(u) = -60*u**2 + 12*u - 11. Calculate h(1).
-59
Let k(n) = -n**3 + 13*n**2 + 14*n. What is k(14)?
0
Let l(m) = -m**3 + 2*m**2 - m - 16. What is l(-2)?
2
Let s(h) = 20*h + 35. Calculate s(0).
35
Let v(t) = 21*t - 70. What is v(3)?
-7
Let s(l) = -l**2 + 6*l - 3. Determine s(8).
-19
Let k(x) = -3*x - 2. Determine k(-1).
1
Let x(m) = -m**3 - 11*m**2 - 19. Give x(-7).
-215
Let b(i) = -i**3 + 44*i**2 - 3*i + 137. Give b(44).
5
Let z(a) = -a**2 - 9*a - 8. Calculate z(-8).
0
Let u(n) = 2*n. Give u(-2).
-4
Let p(f) = f**3 - 4*f**2 - 5*f - 5. What is p(5)?
-5
Let c(v) = -v**3 + 2*v**2 - 3*v - 1. Calculate c(2).
-7
Let f(q) = -2*q**2 - 29*q + 19. What is f(-15)?
4
Let h(f) = 9*f + 39. What is h(0)?
39
Let c(a) = 3*a - 31. Determine c(11).
2
Let f(d) = 5*d**2 + 18*d - 15. Determine f(1).
8
Let n(b) = -b**3 - 23*b**2 + 24*b - 40. Determine n(-24).
-40
Let q(t) = t**3 - 2*t**2 - 17*t + 1. Calculate q(5).
-9
Let w(x) = x**3 - 8*x**2 + 4*x + 4. Determine w(4).
-44
Let i(u) = -9*u - 53. What is i(-7)?
10
Let p(r) = r**2 - 18*r + 51. What is p(15)?
6
Let v(z) = 15*z - 938. Give v(63).
7
Let b(y) = y**2 + 4*y - 26. Give b(-5).
-21
Let k(n) = -n - 42. Calculate k(-18).
-24
Let r(k) = -k**3 - 5*k**2 + 2*k + 6. What is r(-5)?
-4
Let g(m) = -m**2 + 32*m + 224. What is g(-6)?
-4
Let n(l) = -l**3 + 10*l**2 + 5*l. Calculate n(9).
126
Let n(u) = u**3 + 6*u**2 - 10*u - 14. Give n(-8).
-62
Let l(s) = 2*s**2 + 55*s - 88. What is l(-29)?
-1
Let y(b) = -b**3 + 7*b**2 - 5*b - 2. Calculate y(7).
-37
Let u(m) = m**3 - 6*m**2 - 4*m - 16. Give u(7).
5
Let t(m) = -37*m + 2. What is t(0)?
2
Let j(a) = 3*a + 18. Give j(-6).
0
Let r(l) = -4*l + 14. What is r(-5)?
34
Let a(p) = 8*p + 3. What is a(4)?
35
Let d(v) = -v**3 - 9*v**2 + 6*v + 13. Give d(-6).
-131
Let c(z) = z**2 - z + 8. Determine c(-5).
38
Let o(m) = -m**3 + m**2 - 7. Give o(0).
-7
Let a(s) = 4*s + 17. Give a(-6).
-7
Let x(q) = -q**2 + 8*q - 1. What is x(4)?
15
Let g(k) = -2*k**2 + 27*k - 77. Give g(9).
4
Let y(a) = 6*a - 151. Determine y(25).
-1
Let f(d) = d**2 + 6*d + 5. What is f(-6)?
5
Let k(t) = -2*t - 32. Calculate k(10).
-52
Let s(q) = q**2 - 12*q - 75. Calculate s(17).
10
Let c(n) = 12*n + 321. What is c(-27)?
-3
Let y(o) = -o**2 - 2*o + 21. Determine y(8).
-59
Let j(g) = 8*g - 221. Determine j(32).
35
Let i(y) = -y**2 + 3*y + 236. What is i(17)?
-2
Let s(d) = -d**3 - d**2 + 4*d + 5. What is s(-4)?
37
Let g(c) = -70*c + 12. Determine g(0).
12
Let h(n) = 12*n + 60. Determine h(-7).
-24
Let k(h) = 2*h**2 + 10*h + 3. Calculate k(-3).
-9
Let x(y) = 19*y + 48. Determine x(-6).
-66
Let w(l) = -l + 2. What is w(2)?
0
Let a(n) = -11*n + 43. Give a(6).
-23
Let c(t) = -60*t**2. What is c(1)?
-60
Let i(f) = f**3 - 9*f**2 + 19*f - 53. Give i(7).
-18
Let b(v) = -v**3 - 9*v**2 - 14*v - 6. Determine b(-7).
-6
Let s(p) = 3*p**2 + 3*p - 3. Determine s(-3).
15
Let i(r) = -13*r**3 - 3*r**2 - 3*r - 1. Calculate i(-1).
12
Let j(z) = -3*z. What is j(-6)?
18
Let h(x) = x - 7. Determine h(-6).
-13
Let f(a) = a - 101. Give f(44).
-57
Let l(i) = i**3 - 9*i**2 - 7*i - 8. What is l(10)?
22
Let t(m) = -m**2 - 11*m - 2. Calculate t(-11).
-2
Let h(x) = 2*x*